 by 89?
86
What is the remainder when 13457 is divided by 88?
81
What is the remainder when 189561 is divided by 27080?
1
Calculate the remainder when 44167 is divided by 30.
7
What is the remainder when 22004 is divided by 1047?
17
Calculate the remainder when 85692 is divided by 85685.
7
Calculate the remainder when 7863 is divided by 133.
16
Calculate the remainder when 120391 is divided by 232.
215
What is the remainder when 35942 is divided by 8961?
98
Calculate the remainder when 170729 is divided by 12.
5
Calculate the remainder when 21385 is divided by 3054.
7
What is the remainder when 6146 is divided by 116?
114
Calculate the remainder when 2512 is divided by 415.
22
What is the remainder when 213300 is divided by 7?
3
Calculate the remainder when 124755 is divided by 214.
207
Calculate the remainder when 94997 is divided by 182.
175
What is the remainder when 3133 is divided by 2349?
784
What is the remainder when 563030 is divided by 281514?
2
Calculate the remainder when 2396 is divided by 597.
8
Calculate the remainder when 7239 is divided by 161.
155
Calculate the remainder when 10993 is divided by 10863.
130
What is the remainder when 6073 is divided by 377?
41
What is the remainder when 61031 is divided by 110?
91
What is the remainder when 47095 is divided by 798?
13
What is the remainder when 35900 is divided by 17940?
20
Calculate the remainder when 37041 is divided by 12309.
114
Calculate the remainder when 1654 is divided by 539.
37
Calculate the remainder when 16305 is divided by 62.
61
Calculate the remainder when 139751 is divided by 9982.
3
Calculate the remainder when 4782 is divided by 284.
238
Calculate the remainder when 2158 is divided by 1194.
964
What is the remainder when 315 is divided by 99?
18
Calculate the remainder when 20869 is divided by 5200.
69
What is the remainder when 7769 is divided by 432?
425
Calculate the remainder when 1947 is divided by 216.
3
What is the remainder when 4130 is divided by 320?
290
What is the remainder when 3493 is divided by 55?
28
What is the remainder when 13361 is divided by 2669?
16
Calculate the remainder when 5205 is divided by 130.
5
Calculate the remainder when 6772 is divided by 520.
12
What is the remainder when 2267 is divided by 314?
69
What is the remainder when 8789 is divided by 418?
11
What is the remainder when 331940 is divided by 1064?
1036
Calculate the remainder when 34382 is divided by 16.
14
Calculate the remainder when 5489 is divided by 147.
50
Calculate the remainder when 13323 is divided by 185.
3
What is the remainder when 91362 is divided by 91?
89
What is the remainder when 13018 is divided by 186?
184
Calculate the remainder when 78561 is divided by 482.
477
What is the remainder when 34120 is divided by 87?
16
What is the remainder when 16435 is divided by 236?
151
What is the remainder when 7408011 is divided by 809?
807
What is the remainder when 20134 is divided by 137?
132
What is the remainder when 1468 is divided by 104?
12
Calculate the remainder when 785 is divided by 254.
23
What is the remainder when 41698 is divided by 1391?
1359
Calculate the remainder when 1304 is divided by 18.
8
Calculate the remainder when 89940 is divided by 62.
40
Calculate the remainder when 7541 is divided by 30.
11
What is the remainder when 1882 is divided by 70?
62
Calculate the remainder when 948659 is divided by 31.
28
What is the remainder when 43363 is divided by 347?
335
What is the remainder when 15185 is divided by 634?
603
Calculate the remainder when 1253 is divided by 530.
193
Calculate the remainder when 117193 is divided by 18.
13
Calculate the remainder when 1717 is divided by 107.
5
What is the remainder when 713447 is divided by 751?
748
Calculate the remainder when 468930 is divided by 16170.
0
What is the remainder when 30559 is divided by 27?
22
What is the remainder when 214027 is divided by 1237?
26
What is the remainder when 519295 is divided by 37?
0
What is the remainder when 51818 is divided by 51766?
52
Calculate the remainder when 4386 is divided by 250.
136
Calculate the remainder when 3923 is divided by 154.
73
Calculate the remainder when 180885 is divided by 149.
148
What is the remainder when 112410 is divided by 2162?
2148
Calculate the remainder when 23435 is divided by 3899.
41
What is the remainder when 40630 is divided by 5078?
6
What is the remainder when 2524 is divided by 137?
58
Calculate the remainder when 10856 is divided by 319.
10
Calculate the remainder when 158362 is divided by 838.
818
What is the remainder when 15669 is divided by 25?
19
Calculate the remainder when 38508 is divided by 180.
168
What is the remainder when 6735923 is divided by 35?
33
What is the remainder when 8700 is divided by 58?
0
Calculate the remainder when 467 is divided by 70.
47
What is the remainder when 266215 is divided by 14011?
6
What is the remainder when 5850 is divided by 22?
20
Calculate the remainder when 655 is divided by 44.
39
Calculate the remainder when 7274 is divided by 6157.
1117
Calculate the remainder when 279802 is divided by 47.
11
What is the remainder when 15431 is divided by 5140?
11
What is the remainder when 97231 is divided by 143?
134
Calculate the remainder when 1453 is divided by 162.
157
What is the remainder when 220887 is divided by 67?
55
What is the remainder when 4392 is divided by 726?
36
What is the remainder when 419111 is divided by 367?
364
Calculate the remainder when 583 is divided by 128.
71
Calculate the remainder when 109912 is divided by 1548.
4
What is the remainder when 4700 is divided by 77?
3
Calculate the remainder when 19017 is divided by 322.
19
Calculate the remainder when 941 is divided by 66.
17
What is the remainder when 9778 is divided by 463?
55
Calculate the remainder when 246642 is divided by 783.
780
What is the remainder when 79161 is divided by 9890?
41
What is the remainder when 100413 is divided by 239?
33
What is the remainder when 120424 is divided by 386?
378
Calculate the remainder when 27611 is divided by 789.
785
Calculate the remainder when 2237 is divided by 187.
180
Calculate the remainder when 72175 is divided by 582.
7
Calculate the remainder when 959 is divided by 822.
137
Calculate the remainder when 15602 is divided by 7792.
18
Calculate the remainder when 4228 is divided by 1025.
128
What is the remainder when 295471 is divided by 236?
235
Calculate the remainder when 30387 is divided by 204.
195
What is the remainder when 38245 is divided by 1065?
970
Calculate the remainder when 3344436 is divided by 20.
16
What is the remainder when 4653 is divided by 2321?
11
Calculate the remainder when 7207 is divided by 5.
2
What is the remainder when 2096 is divided by 901?
294
What is the remainder when 2668316 is divided by 101?
98
Calculate the remainder when 258577 is divided by 28.
25
What is the remainder when 115564 is divided by 304?
44
What is the remainder when 60063 is divided by 43?
35
Calculate the remainder when 591386 is divided by 19.
11
What is the remainder when 3173 is divided by 1511?
151
Calculate the remainder when 3709079 is divided by 72.
71
Calculate the remainder when 632 is divided by 609.
23
What is the remainder when 5021 is divided by 304?
157
Calculate the remainder when 4382 is divided by 726.
26
What is the remainder when 3068039 is divided by 10?
9
Calculate the remainder when 223531 is divided by 807.
799
Calculate the remainder when 2065 is divided by 426.
361
What is the remainder when 17848 is divided by 28?
12
What is the remainder when 27113 is divided by 3386?
25
Calculate the remainder when 114923 is divided by 83.
51
What is the remainder when 19429 is divided by 9009?
1411
What is the remainder when 1070 is divided by 4?
2
What is the remainder when 25547 is divided by 989?
822
Calculate the remainder when 12207 is divided by 91.
13
Calculate the remainder when 5174 is divided by 65.
39
Calculate the remainder when 23315 is divided by 5801.
111
Calculate the remainder when 71352 is divided by 231.
204
Calculate the remainder when 4893 is divided by 196.
189
What is the remainder when 17737 is divided by 51?
40
Calculate the remainder when 3631 is divided by 319.
122
What is the remainder when 3938 is divided by 